). What is the greatest common divisor of q and x?
7
Suppose -2*p + 3 = -27. Suppose m = 7 - 2. Let q(k) = 5*k - 10. Let w be q(m). Calculate the greatest common divisor of p and w.
15
Let y = -1838 - -3942. Let i be 2/(-9) + y/72. What is the highest common divisor of 87 and i?
29
Let s = -33 + 54. Suppose -3*u - 14 = -i, 2*u - u + 14 = 5*i. Suppose 2*t - 220 = -i*w, -2*t + 194 = -3*w - 1. Calculate the greatest common divisor of t and s.
21
Let u be (-392)/(-35)*(-10)/(-4). Suppose -u*i + 32*i = 80. What is the highest common divisor of i and 60?
20
Let u(w) = 6*w - 2*w**2 - 4 - 4*w**2 + 1 + 11*w + w**3. Let y be u(7). Calculate the greatest common divisor of 15 and y.
15
Let z(n) = n + 87. Let y be z(-14). Let k = -59 + y. What is the highest common divisor of k and 126?
14
Suppose -c + 3*c + x = -21, 0 = -5*c - 4*x - 54. Let n be 5/((-20)/(-8)) - c. Calculate the greatest common divisor of 12 and n.
12
Let w be 24*(9/15)/((-2)/(-5)). Let g(n) = 84*n - 12. Let u be g(4). What is the highest common factor of w and u?
36
Let w = 304 + -129. Calculate the greatest common divisor of w and 70.
35
Suppose -2*a = -5*y + 4590, 5*a = -3*y + 10*a + 2735. What is the highest common divisor of y and 115?
115
Let i(w) = 4*w + 0*w**2 + 4*w**2 + 2*w**3 - 3*w**3 - 3*w. Let p be i(4). Suppose 2*b + 0 = p. Calculate the highest common factor of b and 2.
2
Let s(l) = -l + 3. Let w be s(6). Let z(g) = g**3 + 6*g**2 + 4*g - 3. Let r be z(w). What is the greatest common factor of 60 and r?
12
Suppose 591 = 5*h - 734. What is the greatest common factor of 5 and h?
5
Let r(p) = -23*p - 16. Let j be r(-5). Calculate the highest common factor of j and 11.
11
Let h(g) = g**2 + 38*g + 382. Let w be h(-24). Calculate the highest common divisor of 1 and w.
1
Let n = 59 - -345. What is the highest common divisor of n and 707?
101
Let g be (129 - 29)/(2 + 0). Let u = -226 + 351. What is the highest common divisor of u and g?
25
Let z = 80 + -87. Let r be 7/49 - 1322/z. What is the highest common factor of r and 7?
7
Let i be 0 + (0 - -2) - 1. Let f = i + 16. Suppose -97 - 141 = -14*k. What is the highest common divisor of k and f?
17
Let u be -1080 + (-4)/6*3. Let l be u/(-10) - (-3)/(-15). Let y = 113 + -101. Calculate the greatest common divisor of l and y.
12
Suppose 34*k = 22*k + 96. What is the highest common factor of k and 10?
2
Suppose 25*b - 368 = 24*b. What is the greatest common divisor of b and 138?
46
Let n(a) = 10*a**2 + 10*a - 20. Let g = -39 - -42. Let i be n(g). Calculate the greatest common divisor of 25 and i.
25
Let t(l) = -60*l + 7. Let s be t(-20). What is the highest common factor of s and 17?
17
Suppose -13*q = 6*q - 874. Calculate the greatest common factor of 207 and q.
23
Suppose -16*s + 177 = -15*s. What is the greatest common factor of 236 and s?
59
Suppose 162*f + 3*k + 6 = 164*f, -3 = -f + 3*k. Calculate the highest common divisor of f and 528.
3
Let o be 1/(-3) + (-86)/(-6). Let z(w) = -3*w + w**3 + 0*w - 2 + 3*w**2 - 1. Let j be z(3). What is the highest common factor of j and o?
14
Let h(t) = 5*t**2 - 4*t - 6. Let c be h(4). What is the highest common divisor of 145 and c?
29
Let k be (-1)/(12/27216*-3). What is the greatest common factor of 336 and k?
84
Let m be (-2 - 0)*(-22)/4. Let d = 593 + -373. Suppose 0 = -4*s + 3*v + d, -s + 2*v - 5*v + 55 = 0. What is the highest common factor of m and s?
11
Let u be (60/18)/(78/(-27) + 3). Calculate the greatest common factor of 195 and u.
15
Suppose -7*o = 121 - 142. Calculate the greatest common divisor of 147 and o.
3
Suppose 0 = 4*z - 2*g - 678, -9*z - 5*g + 657 = -5*z. Calculate the highest common divisor of z and 24.
24
Let r be 45/12 + (4/(-16))/(-1). What is the highest common factor of 46 and r?
2
Suppose -75 = z + 2*i - 123, 2*z - 93 = -5*i. Suppose -4*c + 18 = -c. What is the greatest common factor of c and z?
6
Let s be (100/(-8))/(-5)*2. Suppose 0 = -s*w + 85 + 10. Suppose -3*m + 4*f - 57 = -350, m + 3*f - 89 = 0. Calculate the highest common divisor of w and m.
19
Suppose n + 8 = 5*n. Suppose -n*o = o. Suppose o = 5*u - 2*u - 45. Calculate the highest common divisor of u and 5.
5
Let o = -416 - -448. What is the greatest common divisor of 424 and o?
8
Suppose 28550 = 5*d - f, -2*d - 2*f - 28550 = -7*d. What is the greatest common factor of 10 and d?
10
Let n be ((-63)/(-6))/7*130/3. Calculate the highest common divisor of 52 and n.
13
Let h = -664 + 808. What is the greatest common divisor of 36 and h?
36
Suppose 0 = 4*u + 11*u - 210. What is the highest common factor of 182 and u?
14
Suppose -2*w + 102 = 3*y - 0, 88 = 2*w - 4*y. Calculate the greatest common factor of w and 78.
6
Let f = 170 + -109. Calculate the greatest common divisor of 305 and f.
61
Let s(o) = 2*o**3 - o**2 + o + 18. Let r be s(0). What is the greatest common divisor of 27 and r?
9
Let t be -2 + (-7 - (-36)/2). What is the greatest common divisor of 66 and t?
3
Let n(u) = -u**2 + 6*u + 100. Let f be n(13). What is the highest common factor of 342 and f?
9
Let h(u) = 2*u + 5. Let n be h(5). Let y be ((-12)/10)/(6/(-975)). Calculate the highest common factor of y and n.
15
Suppose 2*y - 5*p - 55 + 23 = 0, 0 = -5*p. Suppose -b - y = -2*b. What is the highest common divisor of b and 32?
16
Let w = 286 - 280. What is the greatest common factor of w and 72?
6
Let h be 4 + 21/3 + 1765. What is the greatest common divisor of h and 8?
8
Let p = -342 - -408. What is the highest common factor of p and 24?
6
Let y = 985 + -922. Calculate the greatest common divisor of 27 and y.
9
Suppose 9 = 12*m - 9*m. Suppose -m = -6*j + 261. What is the highest common divisor of 396 and j?
44
Let d be (-7 + 441/36)*(-8)/(-6). Calculate the highest common divisor of 567 and d.
7
Suppose 9*g = 80 + 10. What is the highest common divisor of g and 430?
10
Suppose -50 = 4*h - 9*h. Let b be 3/(-1 - (-13)/h). Let d = -2 + 22. Calculate the greatest common divisor of b and d.
10
Suppose -4*u - 64 = -4*n, -3*n - 4*u + 44 = -n. Let c = -105 - -111. Calculate the highest common factor of c and n.
6
Let q = -156 + 240. Suppose -2*t + 8 = w - 13, -9 = 3*w. What is the greatest common divisor of t and q?
12
Suppose -54 = 5*a - 259. Let g = a + -27. What is the highest common divisor of 35 and g?
7
Suppose -2*y + 322 + 154 = 5*s, y - 5*s - 238 = 0. What is the highest common divisor of y and 14?
14
Let k(s) = -s**2 + s + 9. Let r be k(0). Let g be (2/(-4)*2)/(15/(-285)). Suppose -g*f - 72 = -23*f. Calculate the highest common factor of f and r.
9
Let h be ((-18)/15)/((-3)/10). Let z be 5/(-20) + 145/h. Let o = -1 - -5. Calculate the greatest common factor of o and z.
4
Let b = -2 + 7. Suppose -13*t = -b*t - 600. Calculate the greatest common factor of 25 and t.
25
Suppose -5*k - 10 = 0, -5*g + k + 23 = -19. Let n(r) = -9*r + 2. Let x be n(-6). What is the highest common divisor of g and x?
8
Suppose -y = -4*n - 25, 5*n = -4*y + 9*n + 124. What is the greatest common factor of y and 33?
33
Let a = 106 - 64. Suppose -a = -4*l + 146. Suppose -2*y = -l + 5. Calculate the highest common factor of 14 and y.
7
Let y = 203 + 103. Suppose -l - l + 68 = 0. What is the greatest common factor of l and y?
34
Let z(m) = 77*m - 832. Let o be z(11). What is the highest common divisor of 855 and o?
15
Let s(b) = -4*b - 49. Let m be s(-6). Let j be (-1 + 0)*(m + -47). Let l(v) = -v**2 - 8*v - 4. Let k be l(-6). Calculate the highest common factor of k and j.
8
Let r(z) = 120*z - 4. Let m be r(2). What is the highest common divisor of 295 and m?
59
Suppose -3*r + 5*t + 11 = 110, 29 = -r + 3*t. Let p = r + 53. What is the greatest common factor of 15 and p?
15
Let l = 26 - 8. Let v(w) = -w**3 - 2*w**2 - 7*w - 6. Let z be v(-4). Calculate the greatest common divisor of z and l.
18
Suppose -95 = -3*b + 175. Let c = -84 + b. What is the highest common divisor of 2 and c?
2
Suppose 12 = 25*d - 29*d. Let v be d/3*(-27 - 2). Calculate the greatest common divisor of 261 and v.
29
Suppose 0 = 4*q - 2*q + 2536. Let t = q + 2318. Suppose -k + t = 4*k. Calculate the greatest common factor of 30 and k.
30
Let s(p) = -p**3 - 40*p**2 - 79*p - 37. Let j be s(-38). What is the highest common divisor of 22 and j?
11
Suppose 4*g = 5*w + 4220, -3*g - 971 + 4129 = -2*w. What is the g